20370404
In base 8, what is -10162430371 - -1?
-10162430370
In base 5, what is 22141444024 - -1?
22141444030
In base 12, what is 84178a + 30?
8417ba
In base 3, what is 1212010 - 201201012021?
-201122100011
In base 11, what is -5 + 225805?
225800
In base 15, what is -1c - 7d69e?
-7d6bb
In base 4, what is 13213 - -101020113?
101033332
In base 9, what is -1582421 + 12?
-1582408
In base 6, what is 202 - -530532?
531134
In base 16, what is db6e6 - 12?
db6d4
In base 8, what is 667501 - -30?
667531
In base 13, what is a649a7 - 2?
a649a5
In base 5, what is -3341101 - 34332?
-3430433
In base 8, what is 244531 + 325?
245056
In base 11, what is 89a934 - -a?
89a943
In base 10, what is 236 + -1021179?
-1020943
In base 6, what is -1250 - 124445?
-130135
In base 13, what is 9b5 - 9?
9a9
In base 6, what is 15035500 - -44?
15035544
In base 14, what is -32 + -192db6a?
-192db9c
In base 4, what is -20203101131 - 12?
-20203101203
In base 4, what is 13 - -1002033331?
1002100010
In base 11, what is -7a64a7 + 0?
-7a64a7
In base 6, what is 5 - -20550145?
20550154
In base 13, what is 67 - 333237?
-3331a0
In base 3, what is -12011002102 - 22110?
-12011101212
In base 2, what is 1 + 1011010101100011000000?
1011010101100011000001
In base 12, what is -2273661a - 2?
-22736620
In base 16, what is -2 + -16d94c?
-16d94e
In base 10, what is 393 + 117082?
117475
In base 5, what is 134011100024 - 0?
134011100024
In base 3, what is 1221212002002 - -22022?
1221212101101
In base 14, what is db01 + -28b6?
b229
In base 14, what is 4bbdd8 + 19?
4bc013
In base 6, what is -32221331 - -431?
-32220500
In base 10, what is -512 - 3?
-515
In base 12, what is -46837 + -87b7?
-53432
In base 6, what is 133 - 1422320?
-1422143
In base 15, what is -129 + 217d?
2054
In base 13, what is -5850c75 + -2?
-5850c77
In base 16, what is 1b0e3d8 - 4?
1b0e3d4
In base 10, what is -3299080 + -5?
-3299085
In base 4, what is -312110321213 + -1010?
-312110322223
In base 15, what is 2 + -59a63?
-59a61
In base 14, what is -3 - 1a97921c?
-1a979221
In base 4, what is -312022 - 111023?
-1023111
In base 7, what is -54 - -61056163?
61056106
In base 14, what is -1453c46 + 5?
-1453c41
In base 15, what is dbdc1ba - 3?
dbdc1b7
In base 7, what is -1 - 55246002?
-55246003
In base 3, what is 120 - -2102111211001210?
2102111211002100
In base 4, what is -11 - -110212002121?
110212002110
In base 15, what is -1 + -1cc3eda?
-1cc3edb
In base 2, what is 111001111100110101000 - -110?
111001111100110101110
In base 2, what is -110111111110010111000 + 1000011?
-110111111110001110101
In base 15, what is 2 + -1c39e9b1?
-1c39e9ae
In base 3, what is -11 - -122200120012022?
122200120012011
In base 9, what is 18558885 + 5?
18560001
In base 5, what is 14 + -3304042334?
-3304042320
In base 12, what is -6 + 161a210?
161a206
In base 6, what is -1005110234 + 4?
-1005110230
In base 14, what is -42d - 3937?
-3d66
In base 12, what is -3 + -17b8494?
-17b8497
In base 15, what is 901d018 + -6?
901d012
In base 15, what is -14 - -18cca9e?
18cca8a
In base 13, what is -50a5 - 72bc?
-c394
In base 2, what is -11001011011101101000011 + 100?
-11001011011101100111111
In base 15, what is 34 - -2e8595?
2e85c9
In base 13, what is 1672ac3 + -9?
1672ab7
In base 12, what is 9a630a3 + 3?
9a630a6
In base 9, what is -4780115 - 13?
-4780128
In base 16, what is 6 - -18adb04?
18adb0a
In base 4, what is 1121203221 - -11?
1121203232
In base 6, what is 140252344 + 0?
140252344
In base 8, what is 3504027641 - 5?
3504027634
In base 16, what is -7b7d6fc + 4?
-7b7d6f8
In base 7, what is 26356303 - -6?
26356312
In base 7, what is -16 + 1112444164?
1112444145
In base 13, what is 4145 - 13b?
4007
In base 11, what is -53519043 + 3?
-53519040
In base 2, what is -110110100110001 + -11101001010?
-111010001111011
In base 15, what is 231ce9 - -5?
231cee
In base 3, what is 121112111211 - -10011020?
121122200001
In base 4, what is 10 + 3000303201003?
3000303201013
In base 14, what is -201bc - 40?
-2021c
In base 9, what is 36251 + -341?
35810
In base 9, what is -84144 + 14020?
-70124
In base 2, what is -101 - -1000000010001110101010?
1000000010001110100101
In base 14, what is 88a07 + -2?
88a05
In base 6, what is 2 + 14541451?
14541453
In base 2, what is -10 + 11110001100110100110101?
11110001100110100110011
In base 7, what is -3024506 - 2222?
-3030031
In base 2, what is -11101100111 - 11100001010110011?
-11100101000011010
In base 14, what is -5 + 10437b73?
10437b6c
In base 13, what is -1 + 4b2065?
4b2064
In base 12, what is -3 + 1aa9a261?
1aa9a25a
In base 4, what is 33 - -10333010011?
10333010110
In base 13, what is -53c86 - 3b13?
-57a99
In base 11, what is 231960 - -9?
231969
In base 7, what is 25516046 + -605?
25515141
In base 6, what is 3034 - -3525030?
3532104
In base 15, what is -1 + 6d5a64?
6d5a63
In base 10, what is 18729439 - 1?
18729438
In base 3, what is -12022012 + 1010100?
-11011212
In base 5, what is -40101 - -3004223?
2414122
In base 4, what is -21033033 + 1332?
-21031101
In base 8, what is 32345640 - 3?
32345635
In base 7, what is -4664 + 316315?
311321
In base 14, what is 397 + -25647?
-25290
In base 7, what is -63 - -3525623?
3525530
In base 7, what is -3260065 + -32?
-3260130
In base 7, what is 3043 + -2360545?
-2354502
In base 7, what is -11104 + -4244?
-15351
In base 7, what is 25 - 11644542?
-11644514
In base 3, what is 102221221 + -110121?
102111100
In base 5, what is 4433 + 4413?
14401
In base 15, what is -3 + -ac27393?
-ac27396
In base 12, what is -9418220 + -3?
-9418223
In base 2, what is -110010011111 - -11101100?
-101110110011
In base 9, what is 2081860 + -8?
2081851
In base 11, what is 468 - 34587?
-3411a
In base 5, what is 2 + -2221003444?
-2221003442
In base 3, what is -1 - 1000002211001012?
-1000002211001020
In base 8, what is -1 - 17371667?
-17371670
In base 7, what is -5 - 5306532164?
-5306532202
In base 13, what is 2 + 75565c6?
75565c8
In base 3, what is -11 + 1010122120220110?
1010122120220022
In base 13, what is -22 + -1ca3908?
-1ca392a
In base 2, what is 1101010000 - -11111110111?
101101000111
In base 2, what is 11111110101111000101100010011 - -10?
11111110101111000101100010101
In base 7, what is -153621532 - -11?
-153621521
In base 10, what is -434623 + -19?
-434642
In base 14, what is 63a5696 + 3?
63a5699
In base 4, what is 1203 - -22123000?
22130203
In base 10, what is 8 - 14527373?
-14527365
In base 4, what is -10 - 1001113122313?
-1001113122323
In base 3, what is -21 - -1020011100100211?
1020011100100120
In base 8, what is 67 - 745013?
-744724
In base 2, what is 10100000010111 + 1001100110?
10101001111101
In base 2, what is 100011000100101111101 - -1001111?
100011000100111001100
In base 8, what is -3740354 + 25?
-3740327
In base 10, what is 3 + 8872635?
8872638
In base 15, what is 151 - 497?
-346
In base 15, what is -2a244 - -a?
-2a239
In base 4, what is -2131120112 + -12200?
-2131132312
In base 4, what is 11022013 + -111321?
10310032
In base 3, what is 10100010021220201 - -2?
10100010021220210
In base 12, what is 6a7165 + 1a?
6a7183
In base 12, what is -aa7095 + 2?
-aa7093
In base 3, what is 11201012 + 210021121?
221222210
In base 11, what is -a5a953 - -15?
-a5a939
In base 16, what is -a7b6f - -d?
-a7b62
In base 7, what is -624500 + -11200?
-636000
In base 13, what is -b903a5 + -c?
-b903b4
In base 15, what is 644 - 6d6c?
-6728
In base 15, what is -1a9 - -e624?
e46a
In base 14, what is bd + -1888c?
-187ad
In base 13, what is -270 + 1a9683?
1a9413
In base 9, what is 340 + 42384?
42734
In base 8, what is 42115 - -15473?
57610
In base 9, what is 2182 + 31372?
33564
In base 3, what is -1 + 22221212120200?
22221212120122
In base 5, what is -1240402 + 1031?
-1234321
In base 7, what is 151516213 + 16?
151516232
In base 5, what is -4 - -120421323022?
120421323013
In base 13, what is 62b - -228260?
22888b
In base 9, what is -14006220 + 67?
-14006142
In base 2, what is 10101111101001001001110100110 + 10?
10101111101001001001110101000
In base 4, what is 123 - 1002333203?
-1002333020
In base 16, what is -21 - a40a?
-a42b
In base 3, what is 2202012200002 - -21012?
2202012221021
In base 2, what is 11001110110 - -10100100110111000?
10101000000101110
In base 8, what is 64 - -6076250?
6076334
In base 7, what is 21566061655 + 2?
21566061660
In base 14, what is 1c018